
Let i = -7 - -9. What is the tens digit of 17 + 6/(i + 1)?
1
Let l(d) = -d**2 + 7*d + 9. Let i be l(7). Suppose 0 = -3*g + 6*g - i. Suppose 7*n = 4*q + g*n, 0 = 4*q - 5*n + 4. What is the units digit of q?
4
Let u be 6 + (0/(-1))/2. Suppose 0 = r - 0 - u. What is the units digit of r?
6
Let y = -19 + 13. Let a = 12 + y. What is the units digit of a?
6
Let h = -36 - -83. What is the units digit of h?
7
Suppose -5*g = 5*d - 375, d + 3*d = -8. Suppose 153 = 5*b - g. Suppose 0 = 3*z - 5*i - 22, 2*z - 5*z + b = i. What is the units digit of z?
4
Let a be 7/2*(-16)/(-28). Let o(d) = d**2 + d - 1. What is the units digit of o(a)?
5
Suppose 12 = 24*d - 22*d. What is the units digit of d?
6
Let t(i) = -5*i + 53. What is the tens digit of t(-3)?
6
Suppose -6*n + 3*n + 105 = 0. What is the tens digit of n?
3
Suppose -g + 117 = 22. What is the tens digit of g?
9
Suppose -r = 2 - 42. What is the tens digit of r?
4
Let v = -92 + 187. What is the units digit of v?
5
Let a(n) be the second derivative of n**3/6 + 5*n**2 + 2*n. Let q be a(0). Suppose 0 = 2*i - q - 6. What is the units digit of i?
8
Let y be 3/6 - 20/(-8). What is the units digit of -1 + 21/y*1?
6
Let q = 16 + -15. Let v = 16 + q. What is the units digit of v?
7
Let r(z) = -z**3 + 5*z**2 + z. Let h = 8 + 1. Let l be 129/27 - (-2)/h. What is the units digit of r(l)?
5
What is the units digit of 5/5*123 + 4?
7
Let o(r) be the first derivative of r**3/3 - 7*r - 6. What is the units digit of o(6)?
9
Suppose 5*x - 4*x = 1. What is the tens digit of 1*(25/x - -1)?
2
Let s = 4 - 4. Suppose s = -d - 4*d + 125. Let y = d - 17. What is the units digit of y?
8
Let l = 4 + 2. What is the tens digit of 4/(l + -2) - -38?
3
Let z(o) = -9*o + 17. What is the units digit of z(-12)?
5
Let a = -8 + 11. Suppose -6*t + 4*t = 3*z - 70, 0 = 5*t + 5. Suppose 0 = -a*c - 0*c + z. What is the units digit of c?
8
Let x(j) = -3*j**2 - 10*j - 22. Let v(o) = -o**2 - 3*o - 7. Let n(t) = -7*v(t) + 2*x(t). Suppose -r = r. What is the units digit of n(r)?
5
What is the units digit of ((-62)/3)/((-2)/12)?
4
Let j(c) = c**3 - c**2 + 2*c - 3. Let h(t) = 1 + 4*t**3 + t**2 - 2*t - 2*t**3 + 0*t. Let o be h(1). What is the units digit of j(o)?
5
Let i(b) = b**3 + 8*b**2 - 2*b + 2. What is the tens digit of i(-8)?
1
Let a be ((-4)/3 + 2)*15. Let n(d) = d + 6. Let o be n(-6). Suppose o = -5*v + 20 + a. What is the units digit of v?
6
Suppose -x = 2*x. Suppose 2*t - 4*u - 27 + 3 = x, u = -3*t + 1. Suppose t*b = -d + 3, 0 - 9 = -5*b - 4*d. What is the units digit of b?
1
Suppose -7 + 2 = -d. Suppose o - 3 = 4*o, 3*c = -d*o + 76. What is the tens digit of c?
2
Suppose 3*l + l = -8. Let q = l - -4. What is the units digit of q?
2
Let h(w) = 16*w. Let c(f) = 3*f. Suppose 0 = -2*z - 0 + 6, 3*z - 42 = 3*o. Let u(v) = o*c(v) + 2*h(v). What is the units digit of u(-8)?
8
Let y(z) = -z**3 + 14*z**2 - z - 14. Let m be y(14). What is the units digit of 0 - 7/(m/72)?
8
Suppose -y - 80 = 4*y. Let f = y + 22. What is the units digit of f + -4 + (-2)/(-2)?
3
Suppose 0 = -2*x + 4*x - 76. What is the tens digit of x?
3
Suppose -3*f + 0*l = -3*l - 552, -4*f - l + 731 = 0. What is the hundreds digit of f?
1
Suppose -2*x - 5 = 2*b - 19, 5*b - x - 23 = 0. Suppose 2*w = -4*t + 84, -2*t = -t + b*w - 3. What is the units digit of t?
3
Let z(n) = -n**2 + 4*n + 8. Let i be z(6). What is the units digit of (3/(-6))/(i/32)?
4
Let w(h) = -5*h**2 - 34*h - 45. Let u = -2 + 13. Let d(o) = -o**2 - 7*o - 9. Let x(t) = u*d(t) - 2*w(t). What is the units digit of x(-6)?
9
Suppose -2 = -4*x + 6. Let b = x + -1. What is the units digit of b?
1
Let i(t) = t**2 - 8*t + 3. Let m be i(8). Suppose -3*z + 5*j = -44, j = 4*z - m*j - 72. What is the units digit of z?
3
Let o = -4 - -11. Let l(x) = -4*x**2 - 8*x + 9. Let f(a) = -a**2 + 1. Let d(r) = 5*f(r) - l(r). What is the units digit of d(o)?
3
Suppose -6*p - 5 = -p. Let b(v) = -21*v**3 + v + 1. Let w be b(p). Suppose -4*f + 23 = -w. What is the tens digit of f?
1
Suppose -5*a = -12 - 8. Suppose -a*s + 3 + 2 = -5*u, 3*s = 5*u + 5. Suppose 3*x = -s*x + 15. What is the units digit of x?
5
Let c(h) = -h**2 + 9*h + 9. What is the units digit of c(6)?
7
Let c(i) = i**3 - 3*i**2 + i - 7. Let y be c(3). What is the units digit of (-14)/(-4)*(y - -12)?
8
Let c = 32 + -1. What is the units digit of c?
1
Let c(m) = 10*m**2 - 3*m - 2. Let p be c(-2). Let j = p + -19. What is the units digit of j?
5
Let l be -34*(-3 - (-10)/4). Suppose -3*y - 2*k = 2*k - l, -k - 48 = -4*y. What is the units digit of y?
1
What is the tens digit of (2/(-4))/((-3)/(-6))*-148?
4
Let o(b) be the first derivative of -19*b**4/4 + b**3/3 - b**2/2 - b + 5. What is the units digit of o(-1)?
0
Suppose -p = -v + 7 + 45, 42 = v + 4*p. Suppose -4*k - k = -2*y + v, -5*y = -5*k - 155. What is the units digit of y?
5
Suppose 2*m = 3*m - 2. Let z = -1 + m. What is the units digit of z?
1
Suppose -36 = -0*g + 4*g. Let f = g + 5. What is the units digit of (-42)/(-4)*f/(-6)?
7
Suppose s = -m + 114, -5*m + 4*m - 358 = -3*s. What is the hundreds digit of s?
1
Suppose 5*r - 342 = 408. Suppose -f + r = 4*f. What is the units digit of f?
0
Let z be 1/((2/10)/1). Let n = 49 - z. What is the tens digit of n?
4
Let b(d) = d**2 - d - 4*d**2 + 4 + 2*d**2. Let z be b(-3). What is the units digit of 40/12*(-3)/z?
5
Let m = 8 - 4. What is the units digit of m?
4
Let g = 9 + -8. Suppose -t + 27 = -g. What is the units digit of t?
8
Let r = 6 - 13. Let g(x) = -x**3 - 6*x**2 + 4*x - 4. What is the units digit of g(r)?
7
What is the tens digit of (1 + -3)/((-8)/124)?
3
Suppose 7 = 2*w - 9. Let h(j) = j**2 - 6*j - 7. What is the units digit of h(w)?
9
Let y(g) = -2*g**2 - 7 + g**2 - 13*g - 7. What is the tens digit of y(-10)?
1
Let c(l) = -l**2 - 8*l - 7. Let v be c(-6). Suppose -4*w + 13 = -v*m, w + 4*m = 5*m + 2. What is the units digit of (8/3)/((-1)/w)?
8
Let k(m) = m**2 + 5*m + 4. What is the tens digit of k(-6)?
1
Suppose 4*p = 5*j - 287, -4*j - 4*p = j - 303. What is the tens digit of j?
5
Suppose 37 + 314 = 3*l. What is the hundreds digit of l?
1
What is the tens digit of 6/39 + 25020/117?
1
Let r = 33 + -20. Suppose 2*j = r - 5. Suppose -3*n + j*p - 9 = 5, 5*n + 4*p = 30. What is the units digit of n?
2
Let z = 71 - 51. Suppose 5*o - 60 + z = 0. What is the units digit of o?
8
Suppose -4*a = -3*a - 28. What is the units digit of a?
8
Suppose 2*y - l - 47 = 0, -4*l = y - 0 - 10. What is the tens digit of y?
2
Let r = -1 + 11. Let v be 43/5 + 4/r. Suppose -3*z - 21 = -d, 3*z + v = -d - 0*z. What is the units digit of d?
6
Suppose 0 = -4*m + 1 + 7. Suppose -3*c = -m*r + r + 33, -r - 2*c = -13. What is the units digit of r?
1
Let p(h) = 2*h + 7. Let r(f) = -f - 2 + 2*f + 5. Let s(u) = 4*p(u) - 7*r(u). What is the units digit of s(-5)?
2
Let g(d) = -d**3 + 6*d**2 + 4*d - 1. What is the tens digit of g(6)?
2
Let m(g) = 25*g - 5. What is the tens digit of m(3)?
7
Let n = -12 - -31. Let v = -1 + n. What is the tens digit of v?
1
Suppose 0 = 4*k + 8 + 12. What is the units digit of (42/k)/((-3)/15)?
2
Let g be 3 - 5/((-15)/63). Let o = -15 + g. What is the units digit of o?
9
Suppose 69 = y + 45. What is the tens digit of y?
2
What is the tens digit of 1*(11 - 3)/(10/145)?
1
Let v(n) = -n**2 + 2*n. Let a be v(2). Suppose 2*d = -y - d + 9, a = -4*y + 5*d - 49. Let p = y - -7. What is the units digit of p?
1
Let k = -249 - -368. What is the hundreds digit of k?
1
Let a be 2 + (-1)/(2/4). Suppose -3*q - q + 32 = a. What is the units digit of q?
8
Let k = 431 + -257. What is the hundreds digit of k?
1
Let p(t) = -t**2 - t + 6. Let y be p(0). Let o be y/4*(-10)/(-3). Let d = o - 3. What is the units digit of d?
2
Suppose 0 = -h - 0*h + 2*j + 69, -3*h - 2*j + 183 = 0. What is the tens digit of h?
6
Let u(n) = n**2 + 8*n - 2. Let a(s) = 6*s**2 + 40*s - 9. Let d(x) = -2*a(x) + 11*u(x). What is the tens digit of d(5)?
1
Let k(f) = -21*f + 1. Let l be k(-1). Suppose -2*r + 5*z - 3*z = -l, 0 = 2*z + 2. What is the units digit of r?
0
Let y = 21 - 15. Suppose k = -s + 16, -k + 4 = -5*s - y. Suppose 5*x + 5 - 15 = 3*d, k = -2*d + 5*x. What is the units digit of d?
5
Suppose 4*t - t = 3*x + 15, 0 = -4*x - 4. What is the units digit of t?
4
Suppose -4 = -4*x + 24. Let v = x + -8. What is the units digit of